{"id":157,"date":"2020-02-29T08:48:54","date_gmt":"2020-02-29T08:48:54","guid":{"rendered":"https:\/\/bpf-suedost.de\/sdb\/?page_id=157"},"modified":"2024-04-09T05:18:02","modified_gmt":"2024-04-09T04:18:02","slug":"reichenhain","status":"publish","type":"page","link":"https:\/\/bpf-suedost.de\/sdb\/reichenhain","title":{"rendered":"Reichenhain"},"content":{"rendered":"\n<p class=\"has-huge-font-size\">Reichenhain<img loading=\"lazy\" decoding=\"async\" width=\"60\" height=\"54\" class=\"wp-image-37\" style=\"width: 60px;\" src=\"https:\/\/bpf-suedost.de\/sdb\/wp-content\/uploads\/2020\/01\/Schmetterling.jpg\" alt=\"\" srcset=\"https:\/\/bpf-suedost.de\/sdb\/wp-content\/uploads\/2020\/01\/Schmetterling.jpg 307w, https:\/\/bpf-suedost.de\/sdb\/wp-content\/uploads\/2020\/01\/Schmetterling-300x270.jpg 300w\" sizes=\"auto, (max-width: 60px) 100vw, 60px\" \/><\/p>\n\n\n\n<p class=\"has-text-align-left\"> <img loading=\"lazy\" decoding=\"async\" width=\"30\" height=\"27\" class=\"wp-image-37\" style=\"width: 30px;\" src=\"https:\/\/bpf-suedost.de\/sdb\/wp-content\/uploads\/2020\/01\/Schmetterling.jpg\" alt=\"\" srcset=\"https:\/\/bpf-suedost.de\/sdb\/wp-content\/uploads\/2020\/01\/Schmetterling.jpg 307w, https:\/\/bpf-suedost.de\/sdb\/wp-content\/uploads\/2020\/01\/Schmetterling-300x270.jpg 300w\" sizes=\"auto, (max-width: 30px) 100vw, 30px\" \/> Hier finden Sie aktuelle Themen \/ Veranstaltungen, an denen derzeit in Reichenhain gearbeitet wird und die BPF S\u00fcdost unterst\u00fctzt:<\/p>\n\n\n\n<ul class=\"wp-block-list\">\n<li>Kulturraum Reichenhain (Vielf\u00e4ltiges Kultur- und Freizeitangebot)<\/li>\n\n\n\n<li>&#8222;Sch\u00f6ne Aussicht&#8220; &#8211; Errichtung Wetterpilz mit Sitzgelegenheiten 2024 &#8211; <mark style=\"background-color:rgba(0, 0, 0, 0)\" class=\"has-inline-color has-vivid-cyan-blue-color\">Station &#8222;Chemnitzer H\u00f6henweg&#8220;<\/mark><\/li>\n\n\n\n<li>Sommerkonzert 2023 &#8222;Musikschule Sommer Reichenhain&#8220;<\/li>\n\n\n\n<li>Sommerkleid f\u00fcr Ortspyramide 2023<\/li>\n\n\n\n<li>Nimm Platz-Projekt Pyramide vor der Grundschule 2022<\/li>\n\n\n\n<li>Anbindung Oberdorf an den Nahverkehr<\/li>\n\n\n\n<li>Schulfest &#8211; 70 Jahre Schule Reichenhain &#8211; Nachfeier September\/Oktober 2021<\/li>\n\n\n\n<li>Ortsjubil\u00e4um 675 Jahre Reichenhain &#8211; Nachfeier 2022<\/li>\n\n\n\n<li>L\u00e4rmschutz<\/li>\n\n\n\n<li>Nahversorgung<\/li>\n<\/ul>\n\n\n\n<p><img loading=\"lazy\" decoding=\"async\" width=\"30\" height=\"27\" class=\"wp-image-37\" style=\"width: 30px;\" src=\"https:\/\/bpf-suedost.de\/sdb\/wp-content\/uploads\/2020\/01\/Schmetterling.jpg\" alt=\"\" srcset=\"https:\/\/bpf-suedost.de\/sdb\/wp-content\/uploads\/2020\/01\/Schmetterling.jpg 307w, https:\/\/bpf-suedost.de\/sdb\/wp-content\/uploads\/2020\/01\/Schmetterling-300x270.jpg 300w\" sizes=\"auto, (max-width: 30px) 100vw, 30px\" \/> <strong>Termine und Angebote \u00fcber nachfolgende Links einsehbar:<\/strong><\/p>\n\n\n\n<ul class=\"wp-block-list\">\n<li><a href=\"https:\/\/www.gs-reichenhain.de\/termine\/\">Link<\/a> zur Grundschule<\/li>\n\n\n\n<li><a href=\"https:\/\/www.chemnitz-reichenhain.de\/kopie-von-termine-2019\">Link<\/a> zum Heimatverein<\/li>\n\n\n\n<li><a href=\"http:\/\/vfl-chemnitz.de\/\">Link<\/a> zum VfL Chemnitz<\/li>\n\n\n\n<li><a href=\"http:\/\/www.chemnitz-hockey.de\/index.php\/unser-verein\">Link<\/a> zum Postsportverein Chemnitz<\/li>\n\n\n\n<li><a href=\"https:\/\/www.ckgc.de\/reichenhain.html\">Link<\/a> zur Kirchgemeinde<\/li>\n\n\n\n<li><a href=\"https:\/\/www.gaststaette-reichenhain.com\/\">Link<\/a> zum Gasthof Reichenhain<\/li>\n\n\n\n<li><a href=\"https:\/\/www.strubbelpeter-chemnitz.de\/\">Link<\/a> zum Friseur<\/li>\n\n\n\n<li><a href=\"http:\/\/finde-chemnitz.de\/Arzt_Reichenhain.html\">Link<\/a> zu \u00c4rzten<\/li>\n\n\n\n<li><a href=\"https:\/\/physiotherapie-meyer.com\/\">Link<\/a> zur Physiotherapie<\/li>\n\n\n\n<li><a href=\"https:\/\/www.chemnitz-ergotherapie.de\/\">Link<\/a> zur Ergotherapie<\/li>\n\n\n\n<li><a href=\"https:\/\/www.chemnitz-reichenhain.de\/einkaufsmoeglichkeiten\">Link<\/a> zu Einkaufsm\u00f6glichkeiten<\/li>\n<\/ul>\n\n\n\n<p><img loading=\"lazy\" decoding=\"async\" width=\"30\" height=\"27\" class=\"wp-image-37\" style=\"width: 30px;\" src=\"https:\/\/bpf-suedost.de\/sdb\/wp-content\/uploads\/2020\/01\/Schmetterling.jpg\" alt=\"\" srcset=\"https:\/\/bpf-suedost.de\/sdb\/wp-content\/uploads\/2020\/01\/Schmetterling.jpg 307w, https:\/\/bpf-suedost.de\/sdb\/wp-content\/uploads\/2020\/01\/Schmetterling-300x270.jpg 300w\" sizes=\"auto, (max-width: 30px) 100vw, 30px\" \/> <strong>Mitglieder der Steuerungsgruppe f\u00fcr Reichenhain:<\/strong><\/p>\n\n\n\n<ul class=\"wp-block-list\">\n<li>Ralf Meister<\/li>\n\n\n\n<li>Bob Polzer<\/li>\n\n\n\n<li>Moritz Neubert<\/li>\n\n\n\n<li>Steffen Herold<\/li>\n<\/ul>\n\n\n\n<p><img loading=\"lazy\" decoding=\"async\" width=\"30\" height=\"27\" class=\"wp-image-37\" style=\"width: 30px;\" src=\"https:\/\/bpf-suedost.de\/sdb\/wp-content\/uploads\/2020\/01\/Schmetterling.jpg\" alt=\"\" srcset=\"https:\/\/bpf-suedost.de\/sdb\/wp-content\/uploads\/2020\/01\/Schmetterling.jpg 307w, https:\/\/bpf-suedost.de\/sdb\/wp-content\/uploads\/2020\/01\/Schmetterling-300x270.jpg 300w\" sizes=\"auto, (max-width: 30px) 100vw, 30px\" \/> <strong>In Reichenhain durch die B\u00fcrgerplattform gef\u00f6rdert wurden:<\/strong><\/p>\n\n\n\n<ul class=\"wp-block-list\">\n<li>Kulturraum Reichenhain (Vielf\u00e4ltiges Kultur- und Freizeitangebot  auch im Jahr 2023)<\/li>\n\n\n\n<li>Sommerkonzert  &#8222;Musikschule Sommer Reichenhain&#8220; 2023<\/li>\n\n\n\n<li>Brosch\u00fcre zur Geschichte Reichenhain &#8211; Projekt des Heimatsvereins Chemnitz Reichenhain 2023<\/li>\n\n\n\n<li>Material f\u00fcr Sanierung der B\u00e4nke des Heimatvereins &#8217;20<\/li>\n\n\n\n<li>Werkbank f\u00fcr die Kita Wichtelberg &#8217;20<\/li>\n\n\n\n<li>Ger\u00e4tehaus f\u00fcr den Schulhort &#8217;20<\/li>\n\n\n\n<li>Buchlesung von Ellen Schaller &#8211; Kunst in der Krise &#8217;22<\/li>\n\n\n\n<li>Sommerfest beim VfL &#8217;20<\/li>\n\n\n\n<li>Spielplatzer\u00f6ffnung mit Kinderfest &#8217;20<\/li>\n\n\n\n<li>Sanierung Rastplatz &#8222;Sch\u00f6ne Aussicht&#8220; &#8217;20<\/li>\n\n\n\n<li>W\u00e4hlerforum OB-Wahl &#8217;20<\/li>\n\n\n\n<li>Musiksommer Grundschule &#8217;21<\/li>\n\n\n\n<li>675 Jahrveranstaltung der Kirchgemeinde &#8217;21<\/li>\n\n\n\n<li>&#8222;Sommerkleid&#8220; f\u00fcr die Pyramide 2023<\/li>\n<\/ul>\n\n\n\n<p><\/p>\n\n\n\n<figure class=\"wp-block-image size-large\"><img loading=\"lazy\" decoding=\"async\" width=\"768\" height=\"1024\" src=\"https:\/\/bpf-suedost.de\/sdb\/wp-content\/uploads\/2023\/12\/WhatsApp-Bild-2023-12-16-um-18.35.05_ceb7bc97-768x1024.jpg\" alt=\"\" class=\"wp-image-784\" srcset=\"https:\/\/bpf-suedost.de\/sdb\/wp-content\/uploads\/2023\/12\/WhatsApp-Bild-2023-12-16-um-18.35.05_ceb7bc97-768x1024.jpg 768w, https:\/\/bpf-suedost.de\/sdb\/wp-content\/uploads\/2023\/12\/WhatsApp-Bild-2023-12-16-um-18.35.05_ceb7bc97-225x300.jpg 225w, https:\/\/bpf-suedost.de\/sdb\/wp-content\/uploads\/2023\/12\/WhatsApp-Bild-2023-12-16-um-18.35.05_ceb7bc97-1152x1536.jpg 1152w, https:\/\/bpf-suedost.de\/sdb\/wp-content\/uploads\/2023\/12\/WhatsApp-Bild-2023-12-16-um-18.35.05_ceb7bc97-1024x1365.jpg 1024w, https:\/\/bpf-suedost.de\/sdb\/wp-content\/uploads\/2023\/12\/WhatsApp-Bild-2023-12-16-um-18.35.05_ceb7bc97-810x1080.jpg 810w, https:\/\/bpf-suedost.de\/sdb\/wp-content\/uploads\/2023\/12\/WhatsApp-Bild-2023-12-16-um-18.35.05_ceb7bc97.jpg 1200w\" sizes=\"auto, (max-width: 768px) 100vw, 768px\" \/><\/figure>\n\n\n<p><strong>Anschieben der vom Heimatverein 2022 initiierten Pyramide &#8211; 1. Advent 2023<\/strong><\/p>\n<\/p>\n\n\n<p><\/p>\n\n\n\n<figure class=\"wp-block-image size-large\"><img loading=\"lazy\" decoding=\"async\" width=\"768\" height=\"1024\" src=\"https:\/\/bpf-suedost.de\/sdb\/wp-content\/uploads\/2023\/12\/WhatsApp-Bild-2023-12-16-um-20.18.18_7af9e0d2-768x1024.jpg\" alt=\"\" class=\"wp-image-828\" srcset=\"https:\/\/bpf-suedost.de\/sdb\/wp-content\/uploads\/2023\/12\/WhatsApp-Bild-2023-12-16-um-20.18.18_7af9e0d2-768x1024.jpg 768w, https:\/\/bpf-suedost.de\/sdb\/wp-content\/uploads\/2023\/12\/WhatsApp-Bild-2023-12-16-um-20.18.18_7af9e0d2-225x300.jpg 225w, https:\/\/bpf-suedost.de\/sdb\/wp-content\/uploads\/2023\/12\/WhatsApp-Bild-2023-12-16-um-20.18.18_7af9e0d2-1152x1536.jpg 1152w, https:\/\/bpf-suedost.de\/sdb\/wp-content\/uploads\/2023\/12\/WhatsApp-Bild-2023-12-16-um-20.18.18_7af9e0d2-1024x1365.jpg 1024w, https:\/\/bpf-suedost.de\/sdb\/wp-content\/uploads\/2023\/12\/WhatsApp-Bild-2023-12-16-um-20.18.18_7af9e0d2-810x1080.jpg 810w, https:\/\/bpf-suedost.de\/sdb\/wp-content\/uploads\/2023\/12\/WhatsApp-Bild-2023-12-16-um-20.18.18_7af9e0d2.jpg 1500w\" sizes=\"auto, (max-width: 768px) 100vw, 768px\" \/><\/figure>\n\n\n<p><strong>Brosch\u00fcre zur Geschichte Reichenhain<\/strong><\/p>","protected":false},"excerpt":{"rendered":"<p>Reichenhain Hier finden Sie aktuelle Themen \/ Veranstaltungen, an denen derzeit in Reichenhain gearbeitet wird und die BPF S\u00fcdost unterst\u00fctzt: Termine und Angebote \u00fcber nachfolgende Links einsehbar: Mitglieder der Steuerungsgruppe f\u00fcr Reichenhain: In Reichenhain durch die B\u00fcrgerplattform gef\u00f6rdert wurden: Anschieben der vom Heimatverein 2022 initiierten Pyramide &#8211; 1. Advent 2023 Brosch\u00fcre zur Geschichte Reichenhain<\/p>\n","protected":false},"author":2,"featured_media":0,"parent":0,"menu_order":0,"comment_status":"closed","ping_status":"closed","template":"","meta":{"footnotes":""},"class_list":["post-157","page","type-page","status-publish","hentry"],"_links":{"self":[{"href":"https:\/\/bpf-suedost.de\/sdb\/wp-json\/wp\/v2\/pages\/157","targetHints":{"allow":["GET"]}}],"collection":[{"href":"https:\/\/bpf-suedost.de\/sdb\/wp-json\/wp\/v2\/pages"}],"about":[{"href":"https:\/\/bpf-suedost.de\/sdb\/wp-json\/wp\/v2\/types\/page"}],"author":[{"embeddable":true,"href":"https:\/\/bpf-suedost.de\/sdb\/wp-json\/wp\/v2\/users\/2"}],"replies":[{"embeddable":true,"href":"https:\/\/bpf-suedost.de\/sdb\/wp-json\/wp\/v2\/comments?post=157"}],"version-history":[{"count":32,"href":"https:\/\/bpf-suedost.de\/sdb\/wp-json\/wp\/v2\/pages\/157\/revisions"}],"predecessor-version":[{"id":1110,"href":"https:\/\/bpf-suedost.de\/sdb\/wp-json\/wp\/v2\/pages\/157\/revisions\/1110"}],"wp:attachment":[{"href":"https:\/\/bpf-suedost.de\/sdb\/wp-json\/wp\/v2\/media?parent=157"}],"curies":[{"name":"wp","href":"https:\/\/api.w.org\/{rel}","templated":true}]}}