{"id":54,"date":"2020-01-29T13:23:44","date_gmt":"2020-01-29T13:23:44","guid":{"rendered":"https:\/\/bpf-suedost.de\/sdb\/one-page-express"},"modified":"2024-09-02T14:12:01","modified_gmt":"2024-09-02T13:12:01","slug":"one-page-express","status":"publish","type":"page","link":"https:\/\/bpf-suedost.de\/sdb\/","title":{"rendered":"Front Page"},"content":{"rendered":"<div id=\"content-4\" class=\"content-right-image-section content-image-right\" style=\"background-color: #ffffff;\" data-label=\"Content\" data-id=\"content-image-right\" data-category=\"content\">\n<div class=\"gridContainer\">\n<div class=\"content-right-image-gridcol\">\n<div class=\"content-right-image-textcol dynamic-color\" data-type=\"column\">\n<h2 class=\"\">Willkommen<\/h2>\n<p class=\"large_text\">Herzlich willkommen auf der Seite der B\u00fcrgerplattform S\u00fcdOst. Hier finden Sie aktuelle Themen, an denen in den Stadtteilen Adelsberg, Reichenhain, Erfenschlag und Harthau gearbeitet wird. Sie k\u00f6nnen sich auf dieser Seite \u00fcber verschiedene Termine und Aktionen von uns und unseren Partnern informieren. Unter der Rubrik B\u00fcrgerplattform erhalten Sie Information dazu, wie es zur Gr\u00fcndung kam und welche M\u00f6glichkeiten es dadurch gibt.<\/p>\n<p class=\"\">Wir, die Steuerungsgruppe, treffen uns einmal im Monat. Dieses Treffen findet \u00f6ffentlich statt. Den aktuellen Termin finden sie <a class=\"\" href=\"https:\/\/bpf-suedost.de\/sdb\/archive\/18\/#page-content\">hier<\/a>.<\/p>\n<p class=\"\">Unser Koordinator Herr\u00a0 Matthias Eberlein ist t\u00e4glich unter 0179 \/ 59 34 753 erreichbar. Sie k\u00f6nnen ihm gern auch eine Mail an <a class=\"\" href=\"mailto:kontakt@bpf-suedost.de\">kontakt@bpf-suedost.de<\/a> senden. Wir freuen uns von Ihnen zu h\u00f6ren.<\/p>\n<\/div>\n<h5 class=\"content-right-image-imgcol\" data-type=\"column\" data-wp-editing=\"1\"><img decoding=\"async\" class=\"custom-image\" src=\"https:\/\/bpf-suedost.de\/sdb\/wp-content\/uploads\/2020\/01\/Logo_BPF_SuedOst.png\" \/><\/h5>\n<\/div>\n<\/div>\n<\/div>\n<div id=\"overlapable-2\" class=\"features-coloured-icon-boxes-section stripped-coloured-icon-boxes\" style=\"background-color: #ffffff;\" data-label=\"Overlapable\" data-id=\"stripped-coloured-icon-boxes\" data-category=\"overlapable\" data-overlap=\"true\">\n<div class=\"gridContainer\">\n<div class=\"features-coloured-icon-boxes-innerrow flexbox-list dark-text\" data-type=\"row\">\n<div class=\"features-coloured-icon-boxes-featurecol cp3cols\">\n<h4 class=\"\">Adelsberg<\/h4>\n<p class=\"\">Adelsberg ist mit 6.566 Einwohnern der gr\u00f6\u00dfte Stadtteil im Versammlungsgebiet.<\/p>\n<p class=\"\"><a class=\"features-coloured-button\" href=\"https:\/\/bpf-suedost.de\/sdb\/adelsberg\">mehr Informationen hier<\/a><\/p>\n<\/div>\n<div class=\"features-coloured-icon-boxes-featurecol cp3cols\">\n<h4 class=\"\">Reichenhain<\/h4>\n<p class=\"\">Reichenhain ist ein langgezogener Stadtteil direkt am Hang. Hier leben 2.702 Einwohner.<\/p>\n<p class=\"\"><a class=\"features-coloured-button\" href=\"https:\/\/bpf-suedost.de\/sdb\/reichenhain\" rel=\"noopener noreferrer\">mehr Informationen hier<\/a><\/p>\n<\/div>\n<div class=\"features-coloured-icon-boxes-featurecol cp3cols\">\n<h4 class=\"\">Erfenschlag<\/h4>\n<p class=\"\">Erfenschlag hat 943 Einwohner und stellt damit den kleinsten Stadtteil im Gebiet dar.<\/p>\n<p class=\"\"><a class=\"features-coloured-button\" href=\"https:\/\/bpf-suedost.de\/sdb\/erfenschlag\" rel=\"noopener noreferrer\">mehr Informationen hier<\/a><\/p>\n<\/div>\n<div class=\"features-coloured-icon-boxes-featurecol cp3cols\">\n<h4 class=\"\">Harthau<\/h4>\n<p class=\"\">In Harthau leben 2.280 Einwohner<br \/>direkt an der W\u00fcrschnitz.<\/p>\n<p class=\"\"><a class=\"features-coloured-button\" href=\"https:\/\/bpf-suedost.de\/sdb\/harthau\" target=\"_self\" rel=\"noopener noreferrer\">mehr Informationen hier<\/a><\/p>\n<p class=\"\">\u00a0<\/p>\n<\/div>\n<\/div>\n<\/div>\n<\/div>\n\n\n<p><\/p>\n\n\n<div class=\"wp-block-image\">\n<figure class=\"aligncenter size-full\"><img loading=\"lazy\" decoding=\"async\" width=\"301\" height=\"229\" src=\"https:\/\/bpf-suedost.de\/sdb\/wp-content\/uploads\/2024\/09\/Save-the-Date2.png\" alt=\"\" class=\"wp-image-1156\"\/><\/figure>\n<\/div>","protected":false},"excerpt":{"rendered":"<p>Willkommen Herzlich willkommen auf der Seite der B\u00fcrgerplattform S\u00fcdOst. Hier finden Sie aktuelle Themen, an denen in den Stadtteilen Adelsberg, Reichenhain, Erfenschlag und Harthau gearbeitet wird. Sie k\u00f6nnen sich auf dieser Seite \u00fcber verschiedene Termine und Aktionen von uns und unseren Partnern informieren. Unter der Rubrik B\u00fcrgerplattform erhalten Sie Information dazu, wie es zur Gr\u00fcndung&hellip; <br \/> <a class=\"button small blue\" href=\"https:\/\/bpf-suedost.de\/sdb\/archive\/1138\">Weiterlesen<\/a><\/p>\n","protected":false},"author":2,"featured_media":0,"parent":0,"menu_order":0,"comment_status":"closed","ping_status":"closed","template":"","meta":{"footnotes":""},"class_list":["post-54","page","type-page","status-publish","hentry"],"_links":{"self":[{"href":"https:\/\/bpf-suedost.de\/sdb\/wp-json\/wp\/v2\/pages\/54","targetHints":{"allow":["GET"]}}],"collection":[{"href":"https:\/\/bpf-suedost.de\/sdb\/wp-json\/wp\/v2\/pages"}],"about":[{"href":"https:\/\/bpf-suedost.de\/sdb\/wp-json\/wp\/v2\/types\/page"}],"author":[{"embeddable":true,"href":"https:\/\/bpf-suedost.de\/sdb\/wp-json\/wp\/v2\/users\/2"}],"replies":[{"embeddable":true,"href":"https:\/\/bpf-suedost.de\/sdb\/wp-json\/wp\/v2\/comments?post=54"}],"version-history":[{"count":66,"href":"https:\/\/bpf-suedost.de\/sdb\/wp-json\/wp\/v2\/pages\/54\/revisions"}],"predecessor-version":[{"id":1165,"href":"https:\/\/bpf-suedost.de\/sdb\/wp-json\/wp\/v2\/pages\/54\/revisions\/1165"}],"wp:attachment":[{"href":"https:\/\/bpf-suedost.de\/sdb\/wp-json\/wp\/v2\/media?parent=54"}],"curies":[{"name":"wp","href":"https:\/\/api.w.org\/{rel}","templated":true}]}}